3*l = -402. Suppose y*x + 2010 = 197*x. What is the thousands digit of x?
1
Suppose 154*g = 315*g - 3583216. What is the thousands digit of g?
2
Suppose 0 = -1980*m + 2016*m - 18900. What is the units digit of m?
5
Suppose 81868 = 2*t + 4*s, -48*s = -4*t - 39*s + 163634. What is the hundreds digit of t?
9
What is the ten thousands digit of -8*(-2055 + -14*8/16)?
1
Let d(a) = -614*a**3 - 7*a**2 - 74*a - 275. What is the units digit of d(-4)?
5
Let n(d) = 77*d**3 + 9*d**2 - 5*d - 58. What is the hundreds digit of n(9)?
7
Suppose -5*v = 3*l - 596, 2*v - 2*l + 240 = 4*v. Let m be (-44)/(-154) + 17*4/7. Let q = v + m. What is the units digit of q?
8
Let b be (-4 + 11)/(-7) - -69. What is the units digit of -2 + (-2826)/(-8) + (-17)/b?
1
Suppose -3*n + 248 = 5*q, 2*q + 2*q = -n + 71. Let b = n - 80. Suppose 0*z + 4*z + 3*s = b, 2*s = -6. What is the units digit of z?
5
Let a(w) = -7*w**3 + 2*w**2 + 123*w + 178. What is the hundreds digit of a(-10)?
1
Suppose -4*y + 28272 = 4*z, 3*y - 69*z = -73*z + 21204. What is the tens digit of y?
6
Let t be ((-39)/(-33) - (-2)/(-11)) + 65. Let l = 60 - t. Let s = l + 234. What is the hundreds digit of s?
2
Suppose -4*r - 3*v - 28 = 0, 2*v - 21 = 3*r - 3*v. Let c be (-2 - (-2 + 1)) + (-7)/r. Suppose c = z + 4 - 125. What is the hundreds digit of z?
1
Let x(h) = 2*h**3 + 8*h**2 - 6*h - 3. Let j be x(-6). Let k = j - -114. Suppose k*y - 172 = 4*p, 73 = 2*y - 2*p - 43. What is the tens digit of y?
6
Suppose 958 = 6*y - 3806. Let g = -106 + y. What is the hundreds digit of g?
6
Let l(c) = -11*c**2 - 1. Let u(d) = -2*d - 19. Let x be u(-11). Let m be l(x). Let i = m - -184. What is the tens digit of i?
8
Suppose 6*a - 4*c - 24 = 4*a, a = -4*c + 42. Suppose -19*z + 1571 = 4*t - a*z, 4 = -4*z. What is the hundreds digit of t?
3
Let t(i) be the second derivative of i**4/12 - i**3/6 - 11*i**2 - 14*i. Let j be t(6). What is the units digit of (-2)/j + 52/32*18?
9
Let c(f) = 38*f**2 + f + 3. Let i(g) = -39*g**2 - 2*g - 4. Let z = -24 + 29. Let l(p) = z*c(p) + 4*i(p). What is the tens digit of l(3)?
9
Let k = 9025 + -7980. What is the thousands digit of k?
1
Let d be (-3)/(574/(-4980) + (-8)/(-60)). Let p = d + 343. Suppose 13*m - 10*m = p. What is the units digit of m?
9
Suppose -10*k + 218223 = 32*k - 100557. What is the hundreds digit of k?
5
Suppose 4*f = -4, 4*f = 5*r - f - 1455. Suppose 9*w - 160 = r. What is the units digit of w?
0
Let f = 5401 - 3264. Suppose -f = -4*h - 869. Suppose p + h = 5*l + 5*p, 6 = -3*p. What is the units digit of l?
5
Let a = 10 + -109. Let u be (32/(-18) - (-22)/a) + 36. Let g = 29 + u. What is the tens digit of g?
6
Let u(d) = -d**2 - 5*d - 3. Let i be u(-3). Suppose 0*g - i*p = 3*g - 1011, 2*g - 695 = 5*p. What is the hundreds digit of g?
3
Suppose 0*u + 4*u - i = -1, 3*u + i + 6 = 0. What is the tens digit of u/(-4) + (-915)/(-20) + 2?
4
Let v = 19791 + -12957. What is the hundreds digit of v?
8
Let r = 541 - 537. Suppose r*z + 515 - 2619 = 0. What is the hundreds digit of z?
5
Suppose 0 = 4*w - m - 305, -13*m = w - 12*m - 75. Let s = 2 + 0. Suppose 4*p + 4*d - w = 3*p, 0 = -p - s*d + 82. What is the units digit of p?
8
Let m(f) = -f**2 - 178*f - 106. What is the units digit of m(-42)?
6
What is the tens digit of (-4992)/288*(-8*3 - 0)?
1
Suppose 11*z - 12 = 14*z. Let s(b) = -b**3 + 3*b**2 - b + 4. Let l be s(z). Let o = -31 + l. What is the tens digit of o?
8
Suppose 3*u - 3*w - 5460 = 0, 3616 = -42*u + 44*u + 4*w. What is the hundreds digit of u?
8
Let h(f) = 9*f**3 + 3*f**2 - 30*f - 185. What is the hundreds digit of h(13)?
7
Let q(p) = -p**3 - 31*p**2 + 78*p + 54. Let k be q(-34). Suppose -3*u = -2*x - 0*x + 353, -k = -5*x - 5*u. What is the units digit of x?
5
Let d be -13*16*6*(-15)/20. Suppose -12*y + 24*y = d. Suppose -y*n + 77*n = -162. What is the units digit of n?
2
What is the units digit of (-9)/((-270)/114864) - 90/(-75)?
0
Suppose 5*c = 3*a - 7028, -3*a - 41*c = -38*c - 7044. What is the thousands digit of a?
2
Let b = 10 + -83. Let c = b + 72. Let q(j) = -145*j**3 + j**2 - j - 1. What is the tens digit of q(c)?
4
Suppose -4*u + 1406 = -2*j, 6*j + 350 = u + 7*j. Let f = 711 - u. What is the units digit of f?
0
Let h = 3097 + 865. What is the hundreds digit of h?
9
What is the hundreds digit of 30/225 - (-40134)/45?
8
Let x(o) = -o + 1321. Let c(v) = -2*v + 440. Let u(s) = -8*c(s) + 3*x(s). What is the units digit of u(0)?
3
Let f(x) = x - 6. Let i be f(16). Suppose 0 = i*y - 83 - 127. Let o = -15 + y. What is the units digit of o?
6
Suppose -201*m = -136*m - 2529475. What is the units digit of m?
5
Suppose 44*h = 437 - 1229. What is the hundreds digit of 1650/8 - h/(-120)*-5?
2
Let d be (2/6)/((-8)/24)*0. Suppose d*x = 3*x + 15, -4*x = k - 386. What is the units digit of k?
6
Suppose -4*d + 3*u - 209 = 0, 0*d = 4*d - 4*u + 212. Let i = -53 - d. What is the units digit of 14910/63 - 4/(-18)*i?
6
Let d be (2/(-1 - -2))/((-1)/(-29)). Suppose 0 = -u - u + d. Suppose -2*k - u + 143 = 0. What is the units digit of k?
7
Let j be 35/(-21)*60/(-25). Suppose 6*r - 5*r - 1235 = 5*u, 2*r - j*u = 2452. What is the units digit of r?
0
Let d(k) = 85*k - 136. Let l(b) = -21*b + 34. Let s(p) = -2*d(p) - 9*l(p). What is the units digit of s(6)?
0
Suppose 5*u = -5*m + 565, 2*m + 209 + 243 = 4*u. Suppose -11*d = -u - 338. What is the units digit of d?
1
Suppose 1065 = -3*n - q, -4*n - 2*q = 2275 - 855. What is the tens digit of 12/(-1 - 5) - n?
5
Let k = 13656 + -1467. What is the tens digit of k?
8
Suppose 0 = 4*r - 4*g - 104200, 3*r - 42*g = -44*g + 78120. What is the ten thousands digit of r?
2
Suppose -2*x - 2397 = -7*y + 6*y, -5*x - 12000 = -5*y. What is the tens digit of y?
0
Suppose -37*r - 2*n + 15484 = -34*r, 4*r - 2*n - 20664 = 0. What is the hundreds digit of r?
1
Let r be 2*((-2)/8)/((-3)/18). Suppose h = 4*p - 285, r*p + h + h - 200 = 0. Suppose 0 = 5*f - 350 + p. What is the units digit of f?
6
Let m = -19581 - -40804. What is the hundreds digit of m?
2
Let m(z) = 4728*z**2 - 19*z - 2. Let d be m(-1). Let c = d + -3332. What is the units digit of c?
3
Let b(j) = 2*j**3 + 24*j**2 + 13*j + 15. What is the units digit of b(-7)?
4
Let u = 131 - 124. Let p(w) = 44*w + 16. Let h(n) = -87*n - 34. Let j(i) = u*p(i) + 3*h(i). What is the tens digit of j(3)?
5
Suppose -5*k - 4*x + 941 = 0, 149 + 793 = 5*k + 3*x. Let g = 916 - k. What is the hundreds digit of g?
7
Suppose -34500 = -2*j - 141*i + 137*i, 34536 = 2*j - 2*i. What is the units digit of j?
2
Suppose -5*o + s + 67816 = -97992, 0 = -2*o + 3*s + 66318. What is the thousands digit of o?
3
Let o be (1 + -1)/(2/2). Let n(h) = -14 - 2*h**3 + 14*h**2 + h**3 - 31*h**2 + 168 + h + 18*h**2. What is the hundreds digit of n(o)?
1
Suppose -155 = 5*u - 180. Suppose 0 = -h - 4*h - 4*k + 7445, 0 = -u*k. What is the thousands digit of h?
1
Let g(b) be the first derivative of 34*b**2 + 35*b - 524. Suppose 4*p - 5*p - 11 = -3*o, -27 = -3*p - 3*o. What is the hundreds digit of g(p)?
3
Suppose -5*y = -3*p - 276507, -110606 = -y - y + 2*p. What is the ten thousands digit of y?
5
Suppose 11*p = -13*p + 247248. What is the thousands digit of p?
0
Let w = 51 - 66. Let l be 4/(-30) - 2492/w. Let i = l - 75. What is the tens digit of i?
9
Let w(g) = -3920*g - 10193. What is the tens digit of w(-13)?
6
Suppose -22*k = -34*k + 300. Suppose k = 2*z + 4*l - 333, 2*z = -3*l + 355. What is the tens digit of z?
7
Suppose -36 = -h + 11. Suppose h = 2*p - 743. What is the hundreds digit of p?
3
Let w(g) = 2*g**2 - 7*g + 4. Let h be w(6). Let t = h - 41. Let o(d) = -22*d - 46. What is the units digit of o(t)?
8
Let k be (-4)/6*5949/(-6) + -2. Suppose 5*t + 6 = -k. Let b = -77 - t. What is the units digit of b?
6
Let r(o) = -107*o - 16. Let q be -5 - (4 - 2)/(1*-1). What is the hundreds digit of r(q)?
3
Let k be (-42)/(-9)*-1*-33. Let u be k/2 + 8 + -9. Suppose -4*x = -2*x - u. What is the tens digit of x?
3
Let b be 60/(-40)*10/(-3). Suppose -1542 = -b*m + 28. What is the tens digit of m?
1
Let s(n) = n**2 + 23*n - 35. Let f be s(-16). Let v = f + 196. What is the units digit of v?
9
Suppose -47*a + 1030070 = 27*a - 300820. What is the thousands digit of a?
7
Suppose 2*r + 2 = 0, 5*l + 142 = 4*r - 9. What is the hundreds digit of (-535)/2*(29 + l)?
5
Suppose 9 